{"id":50,"date":"2018-02-04T20:52:34","date_gmt":"2018-02-04T19:52:34","guid":{"rendered":"http:\/\/fwk-amstetten.de\/wordpress\/?page_id=50"},"modified":"2018-02-19T22:33:40","modified_gmt":"2018-02-19T21:33:40","slug":"chronik","status":"publish","type":"page","link":"https:\/\/fwk-amstetten.de\/wordpress\/?page_id=50","title":{"rendered":"Chronik"},"content":{"rendered":"<p><img loading=\"lazy\" decoding=\"async\" class=\"wp-image-94 size-full aligncenter\" src=\"https:\/\/fwk-amstetten.de\/wordpress\/wp-content\/uploads\/2018\/02\/FWK_1977.jpg\" alt=\"\" width=\"508\" height=\"362\" srcset=\"https:\/\/fwk-amstetten.de\/wordpress\/wp-content\/uploads\/2018\/02\/FWK_1977.jpg 508w, https:\/\/fwk-amstetten.de\/wordpress\/wp-content\/uploads\/2018\/02\/FWK_1977-300x214.jpg 300w\" sizes=\"auto, (max-width: 508px) 100vw, 508px\" \/><\/p>\n<p>Der Wunsch zur Gr\u00fcndung einer Musikkapelle wurde in Amstetten schon \u00f6fters ge\u00e4u\u00dfert. Nur fehlte es hier in der Vergangenheit an einem Initiator. Der damalige Kommandant Hans Clement von der Freiwilligen Feuerwehr Amstetten und der Feuerwehrmann Hans Erne kamen dann auf die Idee, dies unter der Obhut der Feuerwehr zu versuchen. Aus diesem Grund lud Kommandant Clement hier die Bev\u00f6lkerung zu einer Informations- veranstaltung am 13.05.1977 im Sportheim des SV Amstetten ein. Kommandant Clement gelang es, hier als Fachmann Herrn Karl Kindlein, Leiter der Geislinger Bl\u00e4sergruppe derJugendmusikschule zu gewinnen.<br \/>\nLeider war das Interesse an dieser Veranstaltung nicht sehr gro\u00df. Neben den Initiatoren, Herrn Kindlein und B\u00fcrgermeister Sigloch, waren nur 6 Personen anwesend.<br \/>\nDarauf wurde eine weitere Informationsveranstaltung am 23.09.1977 im Sportheim in Amstetten durchgef\u00fchrt, zu der Herr Kindlein 6 Jugendmusiker zur Demonstration der Blasmusik mitbrachte. Dies weckte in Amstetten auf einmal verst\u00e4rkt das Interesse an der Blasmusik und so konnte die Bl\u00e4sergruppe der Freiwilligen Feuerwehr Amstetten ins Leben gerufen werden. Herr Kindlein erkl\u00e4rte sich bereit, die Jugendlichen auszubilden und als Dirigent der Bl\u00e4sergruppe zu wirken. Als Betreuer dieser Bl\u00e4sergruppe stellten sich Hans Erne und Adolf Hofer zur Verf\u00fcgung. Sechs Monate sp\u00e4ter nahmen schon 25 Jugendliche an der Ausbildung teil.<br \/>\nDaraufhin wurde beschlossen, dem damaligen deutschen Volksmusikerverband e.V. beizutreten. (Antrag 06. April 1978) Nachdem die Jugendlichen unter Dirigent Karl Kindlein sehr schnell enorme Fortschritte machten, wirkte die Bl\u00e4sergruppe schon nach 1 Jahr an 6 Veranstaltungen mit. Am 30.09.79 nahm die Bl\u00e4sergruppe erstmals mit gro\u00dfem Erfolg am Jugend-Kritikspiel<br \/>\nin Ulm teil.<br \/>\nSchon am 07. \/ 08. Juni 1980 konnte dann das Gr\u00fcndungsfest der Jugendkapelle in Hofstett-Emerbuch durchgef\u00fchrt werden. Die Jugendkapelle wurde zwischenzeitlich fester Bestandteil im kulturellen Leben der Gemeinde Amstetten. Ende 1983 schied Herr Karl Kindlein als Dirigent der Jugendkapelle aus Altersgr\u00fcnden aus. Unser besonderer Dank gilt ihm heute noch. Herr Kindlein hat sich enorme Verdienste bei der Jugendkapelle erworben und verdient es hier nochmals ganz besonders gew\u00fcrdigt zu werden.<br \/>\nIm Fr\u00fchjahr 1984 erkl\u00e4rte sich Werner H\u00e4u\u00dfler bereit, als Dirigent und Ausbilder der Jugendkapelle zu fungieren, so dass ein nahtloser \u00dcbergang gew\u00e4hrleistet war. Heute k\u00f6nnen wir erfreut feststellen, dass unter seinem Dirigentenstab eine stetige Aufw\u00e4rtsentwicklung festzustellen ist.<br \/>\nBeim 10-j\u00e4hrigen Bestehen 1987 wurde die damalige Jugendkapelle in die heutige Feuerwehrkapelle Amstetten umbenannt<\/p>\n","protected":false},"excerpt":{"rendered":"<p>Der Wunsch zur Gr\u00fcndung einer Musikkapelle wurde in Amstetten schon \u00f6fters ge\u00e4u\u00dfert. Nur fehlte es hier in der Vergangenheit an einem Initiator. Der damalige Kommandant Hans Clement von der Freiwilligen Feuerwehr Amstetten und der Feuerwehrmann Hans Erne kamen dann auf die Idee, dies unter der Obhut der Feuerwehr zu versuchen. Aus diesem Grund lud Kommandant &hellip; <a href=\"https:\/\/fwk-amstetten.de\/wordpress\/?page_id=50\" class=\"more-link\"><span class=\"screen-reader-text\">Chronik<\/span> weiterlesen<\/a><\/p>\n","protected":false},"author":1,"featured_media":0,"parent":0,"menu_order":0,"comment_status":"closed","ping_status":"closed","template":"","meta":{"footnotes":""},"class_list":["post-50","page","type-page","status-publish","hentry"],"_links":{"self":[{"href":"https:\/\/fwk-amstetten.de\/wordpress\/index.php?rest_route=\/wp\/v2\/pages\/50","targetHints":{"allow":["GET"]}}],"collection":[{"href":"https:\/\/fwk-amstetten.de\/wordpress\/index.php?rest_route=\/wp\/v2\/pages"}],"about":[{"href":"https:\/\/fwk-amstetten.de\/wordpress\/index.php?rest_route=\/wp\/v2\/types\/page"}],"author":[{"embeddable":true,"href":"https:\/\/fwk-amstetten.de\/wordpress\/index.php?rest_route=\/wp\/v2\/users\/1"}],"replies":[{"embeddable":true,"href":"https:\/\/fwk-amstetten.de\/wordpress\/index.php?rest_route=%2Fwp%2Fv2%2Fcomments&post=50"}],"version-history":[{"count":2,"href":"https:\/\/fwk-amstetten.de\/wordpress\/index.php?rest_route=\/wp\/v2\/pages\/50\/revisions"}],"predecessor-version":[{"id":95,"href":"https:\/\/fwk-amstetten.de\/wordpress\/index.php?rest_route=\/wp\/v2\/pages\/50\/revisions\/95"}],"wp:attachment":[{"href":"https:\/\/fwk-amstetten.de\/wordpress\/index.php?rest_route=%2Fwp%2Fv2%2Fmedia&parent=50"}],"curies":[{"name":"wp","href":"https:\/\/api.w.org\/{rel}","templated":true}]}}

<p><img loading="lazy" decoding="async" class="wp-image-94 size-full aligncenter" src="https://fwk-amstetten.de/wordpress/wp-content/uploads/2018/02/FWK_1977.jpg" alt="" width="508" height="362" srcset="https://fwk-amstetten.de/wordpress/wp-content/uploads/2018/02/FWK_1977.jpg 508w, https://fwk-amstetten.de/wordpress/wp-content/uploads/2018/02/FWK_1977-300x214.jpg 300w" sizes="auto, (max-width: 508px) 100vw, 508px" /></p>
<p>Der Wunsch zur Gründung einer Musikkapelle wurde in Amstetten schon öfters geäußert. Nur fehlte es hier in der Vergangenheit an einem Initiator. Der damalige Kommandant Hans Clement von der Freiwilligen Feuerwehr Amstetten und der Feuerwehrmann Hans Erne kamen dann auf die Idee, dies unter der Obhut der Feuerwehr zu versuchen. Aus diesem Grund lud Kommandant Clement hier die Bevölkerung zu einer Informations- veranstaltung am 13.05.1977 im Sportheim des SV Amstetten ein. Kommandant Clement gelang es, hier als Fachmann Herrn Karl Kindlein, Leiter der Geislinger Bläsergruppe derJugendmusikschule zu gewinnen.<br />
Leider war das Interesse an dieser Veranstaltung nicht sehr groß. Neben den Initiatoren, Herrn Kindlein und Bürgermeister Sigloch, waren nur 6 Personen anwesend.<br />
Darauf wurde eine weitere Informationsveranstaltung am 23.09.1977 im Sportheim in Amstetten durchgeführt, zu der Herr Kindlein 6 Jugendmusiker zur Demonstration der Blasmusik mitbrachte. Dies weckte in Amstetten auf einmal verstärkt das Interesse an der Blasmusik und so konnte die Bläsergruppe der Freiwilligen Feuerwehr Amstetten ins Leben gerufen werden. Herr Kindlein erklärte sich bereit, die Jugendlichen auszubilden und als Dirigent der Bläsergruppe zu wirken. Als Betreuer dieser Bläsergruppe stellten sich Hans Erne und Adolf Hofer zur Verfügung. Sechs Monate später nahmen schon 25 Jugendliche an der Ausbildung teil.<br />
Daraufhin wurde beschlossen, dem damaligen deutschen Volksmusikerverband e.V. beizutreten. (Antrag 06. April 1978) Nachdem die Jugendlichen unter Dirigent Karl Kindlein sehr schnell enorme Fortschritte machten, wirkte die Bläsergruppe schon nach 1 Jahr an 6 Veranstaltungen mit. Am 30.09.79 nahm die Bläsergruppe erstmals mit großem Erfolg am Jugend-Kritikspiel<br />
in Ulm teil.<br />
Schon am 07. / 08. Juni 1980 konnte dann das Gründungsfest der Jugendkapelle in Hofstett-Emerbuch durchgeführt werden. Die Jugendkapelle wurde zwischenzeitlich fester Bestandteil im kulturellen Leben der Gemeinde Amstetten. Ende 1983 schied Herr Karl Kindlein als Dirigent der Jugendkapelle aus Altersgründen aus. Unser besonderer Dank gilt ihm heute noch. Herr Kindlein hat sich enorme Verdienste bei der Jugendkapelle erworben und verdient es hier nochmals ganz besonders gewürdigt zu werden.<br />
Im Frühjahr 1984 erklärte sich Werner Häußler bereit, als Dirigent und Ausbilder der Jugendkapelle zu fungieren, so dass ein nahtloser Übergang gewährleistet war. Heute können wir erfreut feststellen, dass unter seinem Dirigentenstab eine stetige Aufwärtsentwicklung festzustellen ist.<br />
Beim 10-jährigen Bestehen 1987 wurde die damalige Jugendkapelle in die heutige Feuerwehrkapelle Amstetten umbenannt</p>

<p>Der Wunsch zur Gründung einer Musikkapelle wurde in Amstetten schon öfters geäußert. Nur fehlte es hier in der Vergangenheit an einem Initiator. Der damalige Kommandant Hans Clement von der Freiwilligen Feuerwehr Amstetten und der Feuerwehrmann Hans Erne kamen dann auf die Idee, dies unter der Obhut der Feuerwehr zu versuchen. Aus diesem Grund lud Kommandant &hellip; <a href="https://fwk-amstetten.de/wordpress/?page_id=50" class="more-link"><span class="screen-reader-text">Chronik</span> weiterlesen</a></p>
